{"id":1376,"date":"2023-11-22T19:45:34","date_gmt":"2023-11-22T18:45:34","guid":{"rendered":"https:\/\/lesupertshirtmichel.fr\/?page_id=1376"},"modified":"2024-11-24T13:16:16","modified_gmt":"2024-11-24T12:16:16","slug":"1376-2","status":"publish","type":"page","link":"https:\/\/lesupertshirtmichel.fr\/?page_id=1376","title":{"rendered":"Topo sur le logo"},"content":{"rendered":"\n<div class=\"wp-block-media-text is-stacked-on-mobile\" style=\"grid-template-columns:19% auto\"><figure class=\"wp-block-media-text__media\"><img loading=\"lazy\" decoding=\"async\" width=\"154\" height=\"186\" src=\"https:\/\/lesupertshirtmichel.fr\/wp-content\/uploads\/2023\/11\/OSK.jpg\" alt=\"\" class=\"wp-image-1492 size-full\"\/><\/figure><div class=\"wp-block-media-text__content\">\n<p><em><mark style=\"background-color:rgba(0, 0, 0, 0);color:#d77208\" class=\"has-inline-color\">Le terme <strong>\u00ab\u00a0quark\u00a0\u00bb <\/strong>a pour origine une phrase de James Joyce  extraite de \u00ab\u00a0Finnegans Wake\u00a0\u00bb, roman r\u00e9put\u00e9 incompr\u00e9hensible : <strong>\u00ab\u00a0Three quarks for Muster Mark\u00a0\u00bb<\/strong>.<\/mark><\/em><\/p>\n<\/div><\/div>\n\n\n\n<p>Que le g\u00e9nial physicien <strong>Murray Gell-Mann<\/strong>, qui pr\u00e9dit th\u00e9oriquement l&rsquo;existence des quarks en 1964 et obtint le prix Nobel en 1969, lise ce roman n&rsquo;est pas surprenant puisque la quantique ( physique des particules ) est incompr\u00e9hensible m\u00eame pour ses plus grands th\u00e9oriciens. Par contre, la raison de son choix pour le mot \u00ab\u00a0quark\u00a0\u00bb est vraiment \u00e9trange.<\/p>\n\n\n\n<div class=\"wp-block-media-text is-stacked-on-mobile\" style=\"grid-template-columns:19% auto\"><figure class=\"wp-block-media-text__media\"><img loading=\"lazy\" decoding=\"async\" width=\"140\" height=\"180\" src=\"https:\/\/lesupertshirtmichel.fr\/wp-content\/uploads\/2023\/11\/OIP.jpg\" alt=\"\" class=\"wp-image-1485 size-full\"\/><\/figure><div class=\"wp-block-media-text__content\">\n<p><em><mark style=\"background-color:rgba(0, 0, 0, 0);color:#de640f\" class=\"has-inline-color\">Murray Gell-Mann recherchait un terme imitant le cri de la chouette : <strong>Quuaarrkkkk ! <\/strong><\/mark><\/em><\/p>\n<\/div><\/div>\n\n\n\n<p>Pour concevoir un \u00eatre humain, ou tout ce qui nous entoure mat\u00e9riellement, il suffit d&rsquo;associer deux types de particule \u00e9l\u00e9mentaire : les \u00e9lectrons et les quarks. Une telle vari\u00e9t\u00e9 avec deux ingr\u00e9dients, ce serait comme cuisiner tous les plats du monde avec du sucre et de la farine !<\/p>\n\n\n\n<p>Particule \u00e9l\u00e9mentaire mon cher quark ! Comment \u00e7a \u00e9l\u00e9mentaire, mais comment est-ce possible ? Rien ne le constitue, \u00e0 part lui-m\u00eame ? Comment le fabriquer s&rsquo;il n&rsquo;y a pas d&rsquo;ingr\u00e9dient ? Et bien \u00e0 partir de grandes fluctuations du vide, un vide pas si vide que cela en somme.<strong> <\/strong>Et le Big-Bang a provoqu\u00e9 de sacr\u00e9es fluctuations du vide vous vous en doutez !<\/p>\n\n\n\n<p>Mais attention, la synth\u00e8se des quarks est termin\u00e9e depuis quatorze milliards d&rsquo;ann\u00e9es. Petit probl\u00e8me :  quelques instants apr\u00e8s ce Big-Bang ( et qui n&rsquo;est au d\u00e9part qu&rsquo;une moquerie de l&rsquo;astrophysicien Fred Hoyle parlant d&rsquo;un \u00ab\u00a0gros boum\u00a0\u00bb auquel il ne croit pas un seul instant ), il devait y avoir fabrication, pour chaque quark, d&rsquo;un anti-quark qui avait le pouvoir d&rsquo;annihiler le quark. Or, si cette proportion avait \u00e9t\u00e9 respect\u00e9e, vous ne seriez pas l\u00e0 pour lire ce texte et porter fi\u00e8rement <mark style=\"background-color:rgba(0, 0, 0, 0)\" class=\"has-inline-color has-ti-accent-secondary-color\"><strong>\u00ab\u00a0le super t-shirt Michel\u00a0\u00bb<\/strong><\/mark>.<\/p>\n\n\n\n<p><\/p>\n\n\n\n<div class=\"wp-block-media-text is-stacked-on-mobile\" style=\"grid-template-columns:24% auto\"><figure class=\"wp-block-media-text__media\"><img loading=\"lazy\" decoding=\"async\" width=\"194\" height=\"259\" src=\"https:\/\/lesupertshirtmichel.fr\/wp-content\/uploads\/2023\/11\/download-1.jpg\" alt=\"\" class=\"wp-image-1481 size-full\"\/><\/figure><div class=\"wp-block-media-text__content\">\n<p><mark style=\"background-color:rgba(0, 0, 0, 0);color:#dd7508\" class=\"has-inline-color\"><em>La question du philosophe et math\u00e9maticien allemand Leibniz <strong>\u00ab\u00a0Pourquoi y&rsquo;a t-il quelque chose plut\u00f4t que rien ?\u00a0\u00bb<\/strong> <\/em>demeure plus que jamais d&rsquo;actualit\u00e9.<\/mark><\/p>\n<\/div><\/div>\n\n\n\n<p><\/p>\n\n\n\n<p>Un d\u00e9fi de plus \u00e0 \u00e9lucider pour la science&#8230; Bon, \u00e0 votre avis, combien faut-il de quarks pour constituer un humain ? Allez, une petite<strong> <\/strong>estimation&#8230;<\/p>\n\n\n\n<div class=\"wp-block-group alignfull has-text-color has-background is-layout-flow wp-block-group-is-layout-flow\" style=\"color:#000000;background-color:#ffffff\">\n<div style=\"height:0px\" aria-hidden=\"true\" class=\"wp-block-spacer\"><\/div>\n\n\n\n<div class=\"wp-block-buttons is-horizontal is-content-justification-center is-layout-flex wp-container-core-buttons-is-layout-03627597 wp-block-buttons-is-layout-flex\">\n<div class=\"wp-block-button has-custom-width wp-block-button__width-50\"><a class=\"wp-block-button__link has-text-color has-background wp-element-button\" href=\"https:\/\/lesupertshirtmichel.fr\/?page_id=1444\" style=\"border-radius:50px;color:#ffffff;background-color:#000000\">R\u00e9ponse<\/a><\/div>\n<\/div>\n\n\n\n<div style=\"height:64px\" aria-hidden=\"true\" class=\"wp-block-spacer\"><\/div>\n<\/div>\n\n\n\n<p>Les scientifiques ont attribu\u00e9s aux quarks des noms  selon leurs propri\u00e9t\u00e9s respectives : up, down, charm, top, strange  et bottom.<strong> Notre logo repr\u00e9sente  l&rsquo;association de deux quarks up et d&rsquo;un quark down formant un proton<\/strong>, constituant essentiel de chaque atome. L&rsquo;atome d&rsquo;hydrog\u00e8ne, \u00e0 partir duquel les autres atomes ont \u00e9t\u00e9 con\u00e7us, est constitu\u00e9 d&rsquo;un proton et d&rsquo;un \u00e9lectron, \u00e9galement particule \u00e9l\u00e9mentaire con\u00e7ue par la lumiere. On estime la dur\u00e9e d&rsquo;existence d&rsquo;un proton \u00e0 10000000000000000000000000000000000 ans, ce qui implique que notre Univers n&rsquo;est, en comparaison, qu&rsquo;un nouveau-n\u00e9 avec ses petits 14000000000 ans. Ce n&rsquo;est pas l&rsquo;\u00e9ternit\u00e9, mais une \u00e9ternit\u00e9. <\/p>\n\n\n\n<div class=\"wp-block-media-text is-stacked-on-mobile\" style=\"grid-template-columns:31% auto\"><figure class=\"wp-block-media-text__media\"><img loading=\"lazy\" decoding=\"async\" width=\"274\" height=\"99\" src=\"https:\/\/lesupertshirtmichel.fr\/wp-content\/uploads\/2023\/11\/quarks.png\" alt=\"\" class=\"wp-image-1487 size-full\"\/><\/figure><div class=\"wp-block-media-text__content\">\n<p><em><mark style=\"background-color:rgba(0, 0, 0, 0);color:#d76905\" class=\"has-inline-color\">Le club des six avec des noms charmants et  des \u00ab\u00a0charges de couleur\u00a0\u00bb<\/mark><\/em><\/p>\n<\/div><\/div>\n\n\n\n<p>L&rsquo;interaction forte unie les quarks d&rsquo;autant plus fortement que l&rsquo;on tente de les isoler, d&rsquo;o\u00f9<strong> les ressorts jaunes<\/strong> sur notre mod\u00e8le. On ne peut donc isoler un quark&#8230; mais n&rsquo;est-ce pas contraire \u00e0 la  d\u00e9finition m\u00eame de particule ? Bizarre, bizarre, vous avez dit bizarre ? Assur\u00e9ment.   Cette interaction se fait au moyen de particules appel\u00e9es <strong>gluons<\/strong> ( bien s\u00fbr, ca vient de glue, c&rsquo;est la colle surperpuissante des quarks) qui transportent des <strong>\u00ab\u00a0charges de couleurs\u00a0\u00bb<\/strong>, mais il ne faut pas y voir le sens classique de couleur.  <\/p>\n\n\n\n<div class=\"wp-block-media-text is-stacked-on-mobile\"><figure class=\"wp-block-media-text__media\"><img loading=\"lazy\" decoding=\"async\" width=\"298\" height=\"201\" src=\"https:\/\/lesupertshirtmichel.fr\/wp-content\/uploads\/2023\/12\/gluons.png\" alt=\"\" class=\"wp-image-1806 size-full\"\/><\/figure><div class=\"wp-block-media-text__content\">\n<p style=\"font-size:clamp(17.371px, 1.086rem + ((1vw - 3.2px) * 1.174), 27px);\"><em><mark style=\"background-color:rgba(0, 0, 0, 0);color:#ed880e\" class=\"has-inline-color\">Un gluon, dans la s\u00e9rie<\/mark><\/em> <em><mark style=\"background-color:rgba(0, 0, 0, 0);color:#f17415\" class=\"has-inline-color\">\u00ab\u00a0T\u00e9l\u00e9chats\u00a0\u00bb<\/mark><\/em><\/p>\n<\/div><\/div>\n\n\n\n<p>Ces gluons sont donc responsables de la coh\u00e9sion entre quarks. On leur attribue les couleurs rouge, verte et bleue ( et anti-rouge, anti-verte et anti-bleue ), mais le t-shirt \u00e9tant bleu, nous avons opt\u00e9 pour une teinte orange pour l&rsquo;un des deux quarks up. Vous l&rsquo;aviez s\u00fbrement remarqu\u00e9, alors veuillez nous excuser. <\/p>\n\n\n\n<div class=\"wp-block-media-text is-stacked-on-mobile\" style=\"grid-template-columns:25% auto\"><figure class=\"wp-block-media-text__media\"><img loading=\"lazy\" decoding=\"async\" width=\"251\" height=\"187\" src=\"https:\/\/lesupertshirtmichel.fr\/wp-content\/uploads\/2023\/11\/download-2.jpg\" alt=\"\" class=\"wp-image-1488 size-full\"\/><\/figure><div class=\"wp-block-media-text__content\">\n<p style=\"font-size:clamp(17.905px, 1.119rem + ((1vw - 3.2px) * 1.231), 28px);\"><em><mark style=\"background-color:rgba(0, 0, 0, 0);color:#e57b0c\" class=\"has-inline-color\">Ne pas confondre avec le fromage frais au lait caill\u00e9 ! <\/mark><\/em><\/p>\n<\/div><\/div>\n\n\n\n<p><\/p>\n\n\n\n<p><\/p>\n","protected":false},"excerpt":{"rendered":"<p>Le terme \u00ab\u00a0quark\u00a0\u00bb a pour origine une phrase de James Joyce extraite de \u00ab\u00a0Finnegans Wake\u00a0\u00bb, roman r\u00e9put\u00e9 incompr\u00e9hensible : \u00ab\u00a0Three quarks for Muster Mark\u00a0\u00bb. Que le g\u00e9nial physicien Murray Gell-Mann, qui pr\u00e9dit th\u00e9oriquement l&rsquo;existence des quarks en 1964 et obtint le prix Nobel en 1969, lise ce roman n&rsquo;est pas surprenant puisque la quantique ( [&hellip;]<\/p>\n","protected":false},"author":1,"featured_media":0,"parent":0,"menu_order":0,"comment_status":"closed","ping_status":"closed","template":"","meta":{"footnotes":""},"class_list":["post-1376","page","type-page","status-publish","hentry"],"_links":{"self":[{"href":"https:\/\/lesupertshirtmichel.fr\/index.php?rest_route=\/wp\/v2\/pages\/1376","targetHints":{"allow":["GET"]}}],"collection":[{"href":"https:\/\/lesupertshirtmichel.fr\/index.php?rest_route=\/wp\/v2\/pages"}],"about":[{"href":"https:\/\/lesupertshirtmichel.fr\/index.php?rest_route=\/wp\/v2\/types\/page"}],"author":[{"embeddable":true,"href":"https:\/\/lesupertshirtmichel.fr\/index.php?rest_route=\/wp\/v2\/users\/1"}],"replies":[{"embeddable":true,"href":"https:\/\/lesupertshirtmichel.fr\/index.php?rest_route=%2Fwp%2Fv2%2Fcomments&post=1376"}],"version-history":[{"count":61,"href":"https:\/\/lesupertshirtmichel.fr\/index.php?rest_route=\/wp\/v2\/pages\/1376\/revisions"}],"predecessor-version":[{"id":2123,"href":"https:\/\/lesupertshirtmichel.fr\/index.php?rest_route=\/wp\/v2\/pages\/1376\/revisions\/2123"}],"wp:attachment":[{"href":"https:\/\/lesupertshirtmichel.fr\/index.php?rest_route=%2Fwp%2Fv2%2Fmedia&parent=1376"}],"curies":[{"name":"wp","href":"https:\/\/api.w.org\/{rel}","templated":true}]}}