{"id":1552,"date":"2023-11-28T19:57:25","date_gmt":"2023-11-28T18:57:25","guid":{"rendered":"https:\/\/lesupertshirtmichel.fr\/?page_id=1552"},"modified":"2024-12-08T07:19:21","modified_gmt":"2024-12-08T06:19:21","slug":"1552-2","status":"publish","type":"page","link":"https:\/\/lesupertshirtmichel.fr\/?page_id=1552","title":{"rendered":"GENESE"},"content":{"rendered":"\n<div class=\"wp-block-media-text is-stacked-on-mobile\" style=\"grid-template-columns:27% auto\"><figure class=\"wp-block-media-text__media\"><img loading=\"lazy\" decoding=\"async\" width=\"369\" height=\"340\" src=\"https:\/\/lesupertshirtmichel.fr\/wp-content\/uploads\/2023\/11\/roxane.png\" alt=\"\" class=\"wp-image-1553 size-full\" srcset=\"https:\/\/lesupertshirtmichel.fr\/wp-content\/uploads\/2023\/11\/roxane.png 369w, https:\/\/lesupertshirtmichel.fr\/wp-content\/uploads\/2023\/11\/roxane-300x276.png 300w\" sizes=\"auto, (max-width: 369px) 100vw, 369px\" \/><\/figure><div class=\"wp-block-media-text__content\">\n<p><em><mark style=\"background-color:rgba(0, 0, 0, 0);color:#60cb19\" class=\"has-inline-color\"><strong>Michel, \u00e9coute Michel, on va pas se raconter tous nos petits soucis, o.k., d&rsquo;accord&#8230; Super Michel, super&#8230; J&rsquo;esp\u00e8re que tu es content, tu as gagn\u00e9 le  t-shirt, o.k. Mich&#8230; <\/strong><\/mark><\/em><\/p>\n<\/div><\/div>\n\n\n\n<p>La marque <mark style=\"background-color:rgba(0, 0, 0, 0)\" class=\"has-inline-color has-ti-accent-secondary-color\"><strong>\u00ab\u00a0le super t-shirt Michel\u00a0\u00bb<\/strong><\/mark> \u00e9tait n\u00e9e et d\u00e9pos\u00e9e \u00e0 l&rsquo;INPI pour la France m\u00e9tropolitaine et la Polyn\u00e9sie fran\u00e7aise ( je le pr\u00e9cise car cela fit rire de nombreuses personnes, mais bon, le commerce de t-shirt y est florissant  ). Quelques mois plus tard, M. Baillou d\u00e9barquait sur un coup de t\u00eate \u00e0 la maison avec ses instruments. J&rsquo;avais un riff, quarante de fi\u00e8vre et une voix enrou\u00e9e ;  nous enregistr\u00e2mes<strong> <\/strong>le jingle de la marque.  Quelques mois plus tard, ce fut la chanson. <\/p>\n\n\n\n<p>Je songeais \u00e0 Michel Ange et Louise Michel, puis concevais un premier mod\u00e8le brod\u00e9. Bon, un peu sp\u00e9cial c&rsquo;est vrai. <\/p>\n\n\n\n<div class=\"wp-block-media-text is-stacked-on-mobile\" style=\"grid-template-columns:44% auto\"><figure class=\"wp-block-media-text__media\"><img loading=\"lazy\" decoding=\"async\" width=\"768\" height=\"1024\" src=\"https:\/\/lesupertshirtmichel.fr\/wp-content\/uploads\/2023\/11\/1701204811560-768x1024.jpg\" alt=\"\" class=\"wp-image-1569 size-full\" srcset=\"https:\/\/lesupertshirtmichel.fr\/wp-content\/uploads\/2023\/11\/1701204811560-768x1024.jpg 768w, https:\/\/lesupertshirtmichel.fr\/wp-content\/uploads\/2023\/11\/1701204811560-225x300.jpg 225w, https:\/\/lesupertshirtmichel.fr\/wp-content\/uploads\/2023\/11\/1701204811560-1152x1536.jpg 1152w, https:\/\/lesupertshirtmichel.fr\/wp-content\/uploads\/2023\/11\/1701204811560-1536x2048.jpg 1536w, https:\/\/lesupertshirtmichel.fr\/wp-content\/uploads\/2023\/11\/1701204811560-scaled.jpg 1920w\" sizes=\"auto, (max-width: 768px) 100vw, 768px\" \/><\/figure><div class=\"wp-block-media-text__content\">\n<p style=\"font-size:clamp(14px, 0.875rem + ((1vw - 3.2px) * 0.488), 18px);\">     <em>Citation en deux parties sur les manches :<\/em><\/p>\n\n\n\n<p style=\"font-size:clamp(14px, 0.875rem + ((1vw - 3.2px) * 0.488), 18px);\">           <em>        <strong>La perte la plus irr\u00e9m\u00e9diable<\/strong><\/em> <\/p>\n\n\n\n<p style=\"font-size:clamp(14px, 0.875rem + ((1vw - 3.2px) * 0.488), 18px);\">                   <em>            <strong>est celle du Temps.<\/strong><\/em><\/p>\n<\/div><\/div>\n\n\n\n<p>J&rsquo;\u00e9crivais en juin et sans espoir de retour une lettre \u00e0 l&rsquo;\u00e9diteur d&rsquo;un Michel  des plus illustres, dont j&rsquo;avais  ador\u00e9 l&rsquo;essai sur Lovecraft,  les romans et le recueil  \u00ab\u00a0rester vivant\u00a0\u00bb. Le premier septembre 2023, une surprise de taille m&rsquo;attendait : <mark style=\"background-color:rgba(0, 0, 0, 0)\" class=\"has-inline-color has-ti-accent-secondary-color\"><strong>Michel Houellebecq<\/strong><\/mark> me r\u00e9pondait par mail pour me donner son accord et me soumettre la suggestion de placer \u00ab\u00a0<strong>Tout peut arriver dans vie,<\/strong>\u00a0\u00bb de face et \u00ab\u00a0<strong>et surtout rien.<\/strong>\u00a0\u00bb de dos. <\/p>\n\n\n\n<p>Comme quoi, tout peut arriver dans la vie, et parfois quelque chose. <\/p>\n\n\n\n<p>Nous \u00e9change\u00e2mes  plusieurs mails, je concevais un premier prototype puis lui envoyais les photos suivantes : <\/p>\n\n\n\n<figure class=\"wp-block-gallery has-nested-images columns-default is-cropped wp-block-gallery-1 is-layout-flex wp-block-gallery-is-layout-flex\">\n<figure class=\"wp-block-image size-large\"><img loading=\"lazy\" decoding=\"async\" width=\"768\" height=\"1024\" data-id=\"1580\" src=\"https:\/\/lesupertshirtmichel.fr\/wp-content\/uploads\/2023\/11\/1701204811547-3-768x1024.jpg\" alt=\"\" class=\"wp-image-1580\" srcset=\"https:\/\/lesupertshirtmichel.fr\/wp-content\/uploads\/2023\/11\/1701204811547-3-768x1024.jpg 768w, https:\/\/lesupertshirtmichel.fr\/wp-content\/uploads\/2023\/11\/1701204811547-3-225x300.jpg 225w, https:\/\/lesupertshirtmichel.fr\/wp-content\/uploads\/2023\/11\/1701204811547-3-1152x1536.jpg 1152w, https:\/\/lesupertshirtmichel.fr\/wp-content\/uploads\/2023\/11\/1701204811547-3-1536x2048.jpg 1536w, https:\/\/lesupertshirtmichel.fr\/wp-content\/uploads\/2023\/11\/1701204811547-3-scaled.jpg 1920w\" sizes=\"auto, (max-width: 768px) 100vw, 768px\" \/><\/figure>\n\n\n\n<figure class=\"wp-block-image size-large\"><img loading=\"lazy\" decoding=\"async\" width=\"768\" height=\"1024\" data-id=\"1579\" src=\"https:\/\/lesupertshirtmichel.fr\/wp-content\/uploads\/2023\/11\/1701204811530-5-768x1024.jpg\" alt=\"\" class=\"wp-image-1579\" srcset=\"https:\/\/lesupertshirtmichel.fr\/wp-content\/uploads\/2023\/11\/1701204811530-5-768x1024.jpg 768w, https:\/\/lesupertshirtmichel.fr\/wp-content\/uploads\/2023\/11\/1701204811530-5-225x300.jpg 225w, https:\/\/lesupertshirtmichel.fr\/wp-content\/uploads\/2023\/11\/1701204811530-5-1152x1536.jpg 1152w, https:\/\/lesupertshirtmichel.fr\/wp-content\/uploads\/2023\/11\/1701204811530-5-1536x2048.jpg 1536w, https:\/\/lesupertshirtmichel.fr\/wp-content\/uploads\/2023\/11\/1701204811530-5-scaled.jpg 1920w\" sizes=\"auto, (max-width: 768px) 100vw, 768px\" \/><\/figure>\n<\/figure>\n\n\n\n<p>On comprend ais\u00e9ment la g\u00eane de Michel Houellebecq \u00e0 la vue de sa citation \u00e0 la typographie digne des Monsieurs-Madames, qui plus est associ\u00e9e \u00e0 sa signature manuscrite r\u00e9cup\u00e9r\u00e9e sur Internet ( sans parler de la couleur d\u00e9lav\u00e9e etc ). Avec la grande gentillesse qui le caract\u00e9rise, il se proposa d&rsquo;\u00e9crire sa citation le plus lisiblement possible et m&rsquo;envoya le scan de son travail. Le r\u00e9sultat fut superbe et transforma radicalement l&rsquo;esth\u00e9tisme du mod\u00e8le. <\/p>\n\n\n\n<figure class=\"wp-block-gallery has-nested-images columns-default is-cropped wp-block-gallery-2 is-layout-flex wp-block-gallery-is-layout-flex\">\n<figure class=\"wp-block-image size-large\"><img loading=\"lazy\" decoding=\"async\" width=\"562\" height=\"272\" data-id=\"1602\" src=\"https:\/\/lesupertshirtmichel.fr\/wp-content\/uploads\/2023\/11\/recto-3.png\" alt=\"\" class=\"wp-image-1602\" srcset=\"https:\/\/lesupertshirtmichel.fr\/wp-content\/uploads\/2023\/11\/recto-3.png 562w, https:\/\/lesupertshirtmichel.fr\/wp-content\/uploads\/2023\/11\/recto-3-300x145.png 300w\" sizes=\"auto, (max-width: 562px) 100vw, 562px\" \/><\/figure>\n<\/figure>\n\n\n\n<figure class=\"wp-block-image size-full is-resized\"><img loading=\"lazy\" decoding=\"async\" width=\"453\" height=\"429\" src=\"https:\/\/lesupertshirtmichel.fr\/wp-content\/uploads\/2023\/11\/verso-3.png\" alt=\"\" class=\"wp-image-1603\" style=\"width:581px;height:auto\" srcset=\"https:\/\/lesupertshirtmichel.fr\/wp-content\/uploads\/2023\/11\/verso-3.png 453w, https:\/\/lesupertshirtmichel.fr\/wp-content\/uploads\/2023\/11\/verso-3-300x284.png 300w\" sizes=\"auto, (max-width: 453px) 100vw, 453px\" \/><\/figure>\n\n\n\n<p><\/p>\n\n\n\n<p>Heureux de m\u00e9langer l&rsquo;humour potache des Inconnus \u00e0 la brillance litt\u00e9raire de Michel Houellebecq, l&rsquo;id\u00e9e d&rsquo;introduire une dimension scientifique \u00e0 ce mod\u00e8le par le biais des particules \u00e9l\u00e9mentaires, magnifique roman-phare de l&rsquo;auteur, me r\u00e9jouit. Mon choix se portait alors sur la triplette des quarks du proton pour des raisons esth\u00e9tiques et scientifiques et fit \u00e0 nouveau plusieurs prototypes avant de choisir le mod\u00e8le bleu royal ( la couleur de Superman  ) avec la marque sur l&rsquo;\u00e9paule. <\/p>\n\n\n\n<p>Toute r\u00e9alisation \u00e9tant n\u00e9cessairement collective, je remercie chaleureusement tous ceux qui ont support\u00e9 avec  patience mes histoires de \u00a0\u00bb super t-shirt Michel \u00a0\u00bb et qui m&rsquo;ont soumis tant d&rsquo;id\u00e9es pertinentes.<\/p>\n\n\n\n<p><\/p>\n\n\n\n<p><\/p>\n\n\n\n<p><\/p>\n","protected":false},"excerpt":{"rendered":"<p>Michel, \u00e9coute Michel, on va pas se raconter tous nos petits soucis, o.k., d&rsquo;accord&#8230; Super Michel, super&#8230; J&rsquo;esp\u00e8re que tu es content, tu as gagn\u00e9 le t-shirt, o.k. Mich&#8230; La marque \u00ab\u00a0le super t-shirt Michel\u00a0\u00bb \u00e9tait n\u00e9e et d\u00e9pos\u00e9e \u00e0 l&rsquo;INPI pour la France m\u00e9tropolitaine et la Polyn\u00e9sie fran\u00e7aise ( je le pr\u00e9cise car cela [&hellip;]<\/p>\n","protected":false},"author":1,"featured_media":0,"parent":0,"menu_order":0,"comment_status":"closed","ping_status":"closed","template":"","meta":{"footnotes":""},"class_list":["post-1552","page","type-page","status-publish","hentry"],"_links":{"self":[{"href":"https:\/\/lesupertshirtmichel.fr\/index.php?rest_route=\/wp\/v2\/pages\/1552","targetHints":{"allow":["GET"]}}],"collection":[{"href":"https:\/\/lesupertshirtmichel.fr\/index.php?rest_route=\/wp\/v2\/pages"}],"about":[{"href":"https:\/\/lesupertshirtmichel.fr\/index.php?rest_route=\/wp\/v2\/types\/page"}],"author":[{"embeddable":true,"href":"https:\/\/lesupertshirtmichel.fr\/index.php?rest_route=\/wp\/v2\/users\/1"}],"replies":[{"embeddable":true,"href":"https:\/\/lesupertshirtmichel.fr\/index.php?rest_route=%2Fwp%2Fv2%2Fcomments&post=1552"}],"version-history":[{"count":33,"href":"https:\/\/lesupertshirtmichel.fr\/index.php?rest_route=\/wp\/v2\/pages\/1552\/revisions"}],"predecessor-version":[{"id":2142,"href":"https:\/\/lesupertshirtmichel.fr\/index.php?rest_route=\/wp\/v2\/pages\/1552\/revisions\/2142"}],"wp:attachment":[{"href":"https:\/\/lesupertshirtmichel.fr\/index.php?rest_route=%2Fwp%2Fv2%2Fmedia&parent=1552"}],"curies":[{"name":"wp","href":"https:\/\/api.w.org\/{rel}","templated":true}]}}